01746 + 1546408 = 39*s - 2082745. Is s a composite number?
True
Let k = 945 + -423. Suppose 2*p = 2*l + 312, 0 = 4*p - 3*p + 5*l - 126. Let h = k - p. Is h prime?
False
Let i(c) = 110*c**2 + 3*c + 17. Let y be i(-6). Let v = 141 - y. Let a = -1869 - v. Is a a prime number?
True
Is 5 + (3 - 1) - -202792 prime?
True
Suppose -16*a + 6*a = -120. Suppose 0 = a*m + 2595 - 36567. Is m composite?
True
Suppose 16*v - 131376 = 10*v. Let j = 32934 - v. Is j a composite number?
True
Let c = -44 + 39. Let b be (c + 0 + 6)*2. Suppose -h + b*h = 751. Is h a prime number?
True
Let w(y) = 105*y**2 - 34*y - 46. Is w(-11) a composite number?
False
Let b(i) = 5159844*i**2 + 45*i + 40. Is b(-1) a composite number?
False
Is (-125)/(-10) - 11 - (-6284)/8 composite?
False
Suppose 6*b + 18480 = -14*b. Let x = -589 - b. Is x composite?
True
Suppose -g + 9 = -32. Let z = 44 - g. Is (12/z - 6) + 383 prime?
False
Suppose 4*v = 7*v - 18. Suppose -3*q - 6 = 5*g, 0*g - 3*g = q + v. Suppose 0 = -4*r + q*l + 4265, 0*r = -4*r - 4*l + 4272. Is r a composite number?
True
Suppose -4*q = 2*w - 18, -8*q = -7*q - 4*w + 18. Suppose -q*k - 629 = -3*k. Is k a composite number?
True
Let k = -14 - 7. Let n(b) = 282*b - 43. Let v be n(k). Is (-1)/((2/(-4))/(v/(-10))) a prime number?
True
Suppose -4*a - 2*s = -798262, -3*s - 534808 - 63902 = -3*a. Is a prime?
True
Suppose -19*s - s = -100. Suppose s*z = -7695 + 26740. Is z composite?
True
Let c(y) = -353*y - 634. Is c(-7) composite?
True
Let s(g) = 22*g**3 + 6*g**2 + 4*g - 51. Is s(7) composite?
False
Suppose -3*q + c - 13628 = -134403, -80526 = -2*q - 4*c. Is q a composite number?
True
Let q(n) = 40 - 5*n**3 - 16*n - 3*n**2 - 8 - 13 - 12. Is q(-8) prime?
True
Is ((-105538)/4)/(((-33)/(-6))/(-11)) prime?
True
Let q(i) = 2635*i + 30. Let k be q(10). Suppose -22832 = -12*c + k. Suppose 2*m + 3*g - 350 = 3771, 0 = -2*m + g + c. Is m a prime number?
True
Let y = 1827765 + -922006. Is y composite?
False
Let p = -74554 + 6396. Is p/(-8) + 12/(-16) a prime number?
False
Let w = 159447 - -178006. Is w prime?
True
Suppose 5*m = 24495 + 16740. Let b = m + -4700. Is b a prime number?
True
Let u(w) be the first derivative of 449*w**2/2 + 19*w - 10. Is u(12) prime?
True
Suppose -2*o = -8 - 92. Let s = 48 - o. Is (-7)/((-2)/(-1724)*s) prime?
False
Suppose -3*w + 602809 = 5*z, -z - 395608 - 609055 = -5*w. Is w prime?
False
Let i(l) = 4*l**2 + 167*l - 3401. Is i(73) prime?
False
Suppose 2961 = 2*u - 2*o - 2839, 5*u - 3*o = 14498. Suppose 2*c + u = z, 0 = z - 0*z - 4*c - 2895. Is z composite?
False
Suppose 0 = -87*y + 27155501 + 74609530. Is y composite?
False
Let d(r) = r**3 - 5*r**2 + 3*r - 1. Let j(z) = z + 5. Let u be j(-3). Let s = 4 + u. Is d(s) prime?
True
Let t(u) = u**2 + 2*u - 2921. Let d be t(0). Let h = d + 1987. Let s = h - -1425. Is s composite?
False
Let n be -2 - (-652)/(-32) - (-15)/40. Is ((-37146)/n)/3 - (-2)/11 prime?
True
Let z(l) = -305*l**2 - 3*l - 3. Let y(j) = 610*j**2 + 6*j + 6. Let b(r) = 3*y(r) + 5*z(r). Suppose 0 = 2*q + 3*q + i + 4, 2*q = -2*i. Is b(q) prime?
False
Let z(c) = -127 + 111 - c**2 + 0*c**2 - 9*c. Let a be z(-3). Suppose -5 = -h, -5*h + 2815 + 164 = a*i. Is i a prime number?
False
Suppose -14*i = -17*i + 12. Let z = 958 - 948. Suppose z*y - i*y = 5394. Is y a composite number?
True
Suppose 0 = -3*h - 0*h + 12651. Let r = h - -3041. Let l = -4847 + r. Is l a prime number?
True
Suppose -160162 = 16*k - 225619 - 495647. Is k prime?
True
Suppose -f + 17*f = 943707 + 1423285. Is f prime?
True
Let l be (-5 - 0) + 141 + -59. Let h = l + 158. Is h a composite number?
True
Suppose -258 = -16*i - 1890. Let x = 1169 - i. Is x composite?
True
Suppose -237*o + 111*o = -121*o - 17895. Is o prime?
False
Is (-140)/630 + (-6053530)/(-18) composite?
False
Let v = 600 + -277. Let m = 640 - v. Is m composite?
False
Is 60/(-150) - (-383454)/10 composite?
True
Let h(s) = 233*s**2 - 19*s - 81. Suppose -11 = 5*u + 7*g, -3*u = -u - 4*g + 18. Is h(u) a composite number?
False
Let a(n) = -n**3 + 3*n**2 - 4*n. Let p be a(2). Let c be 64551*2/24 + 1/p. Suppose c = -6*h + 9*h. Is h a prime number?
False
Let f be (-63460)/(-8) + -2*4/(-16). Suppose 28*a - 44791 = f. Is a a prime number?
False
Let x be (-2)/(-14) - (-35)/(-98)*-10242. Let v = -167 + x. Is v prime?
True
Let v = 50426 - -204111. Is v a prime number?
True
Let y(f) = -1795*f**2 - 2*f + 10. Let d(r) = 1793*r**2 + 3*r - 9. Let z(k) = 3*d(k) + 2*y(k). Is z(2) a composite number?
False
Is 426485/3*(-13 + 16) a composite number?
True
Let c = -60 - -38. Let i = c - -10. Is (-6)/2 + 3*(-536)/i prime?
True
Suppose -5*w + 8*w - 1574723 = 5*b, -56 = -7*b. Is w composite?
False
Let z = 13334 + 1719. Is z prime?
True
Suppose 30*f - 8338252 = -1437082. Is f prime?
False
Suppose 0 = 506*x - 496*x - 473630. Is x composite?
False
Let r = 41078 - -12695. Is r a composite number?
False
Let w = 2793 - 1142. Is w a prime number?
False
Let u = 793 + -790. Suppose -u*h - 4877 = -a - a, -3*h - 7314 = -3*a. Is a a composite number?
False
Suppose 0 = k - 5, 5*s - 5*k + 4 = -1. Let h(r) = 26*r**3 + 4*r**2 - 5*r + 25. Is h(s) composite?
False
Is (-175281)/2*(11 + (-651)/63)*-2 a prime number?
False
Let r(v) = -10*v**3 - 68*v**2 - 22*v + 99. Is r(-29) a composite number?
True
Let h(v) = 62*v**2 - 92*v + 199. Is h(-33) prime?
True
Suppose -3*z + 2*o + 47 = -15, 4*o - 140 = -5*z. Let x = 27 - z. Suppose x*u - 2*a - 3475 = 2*a, 0 = -4*a + 20. Is u a composite number?
True
Suppose -72857 = -3*f + 37*c - 35*c, 0 = 2*f - 2*c - 48576. Is f prime?
True
Let l be (16/20)/(11/55). Is (-26 + 2)/l - -2825 a prime number?
True
Suppose 0 = h - 4*h + 6. Suppose -669 = -n - 2*w, 0*n - n + 689 = -h*w. Suppose -b + 4*b + 5*i = n, 3*b + 4*i = 677. Is b a composite number?
False
Let n be (1 - (-84)/(-8))*318/(-3). Let v = n + 4082. Is v prime?
False
Let r = -23861 + 159258. Is r a prime number?
False
Let u = -179 - -179. Is ((-4)/6 + u)/((-77)/6699) prime?
False
Suppose 18*m - 84 = 6. Is (53776/24 + m)*3 prime?
True
Suppose 0 = -0*i - 2*i - 3*d + 4, 5*i = 5*d + 10. Suppose -2*g + 10131 = -1039. Suppose -i*z - 3*z + g = 0. Is z a composite number?
False
Let r(g) = 814*g**2 - 33*g + 138. Is r(5) prime?
True
Let h be (-86)/258 + (-18299)/3. Let r = h + 15671. Is r a composite number?
True
Suppose 5*s = -2*x - 100353 + 2899786, -x - 7*s + 1399730 = 0. Is x a prime number?
True
Suppose -4*f = -k - 15025, 2*f - f + 4*k = 3769. Let v = f - 2069. Suppose 5*s = 13*s - v. Is s a prime number?
True
Suppose 0 = -298*i + 45707056 + 169174486. Is i a prime number?
True
Let h(x) be the second derivative of x**4/3 - x**3/3 + x**2/2 - 14*x. Let s be h(1). Suppose 2*b + 4*z = 314, -s*z = 3*b - 8*z - 427. Is b composite?
False
Let w(o) = 27*o - 11. Let x be (-2)/3 - ((-224)/6)/8. Let m be w(x). Let d = 217 + m. Is d a prime number?
False
Is (2500 - -3)/(-6 - 103/(-17)) composite?
True
Suppose 3*g = -4*l + 145, 145 = 3*l + 4*g - 9*g. Suppose -l*r = -31*r - 178299. Is r a prime number?
False
Let p(r) = r**3 - 7*r**2 + 13*r - 3. Suppose -n = -3*w - 2*w, -n - w = -6. Let k be p(n). Let i(h) = 63*h - 13. Is i(k) a prime number?
True
Let c(p) = -827*p**3 - 36*p**2 - 185*p - 7. Is c(-8) prime?
False
Let b(t) be the third derivative of -t**6/120 + 4*t**5/15 - t**3/6 + 8*t**2 - 3*t. Suppose 5 = 3*i + 2*q - 9, -17 = -4*i - 3*q. Is b(i) a prime number?
False
Suppose 3*w - 2*d - 106277 = 253838, 360139 = 3*w + 4*d. Is w composite?
False
Let j(x) = -27*x + 4*x**2 - 15*x**2 + x**3 + 33 + 52 + 2*x**2 - 3*x**2. Is j(19) composite?
False
Let c(z) = z**3 - 7*z**2 + 7*z + 202. Is c(27) prime?
False
Let k = 53 + -48. Suppose -k*h - 4*o = -1765, 0*o - 359 = -h - 2*o. Suppose -a = -2*q - 3*q - 91, 4*a - 5*q = h. Is a composite?
True
Let f(r) = -6*r - 16. Let j be f(-3). Suppose -j*s - 2*s = -2*y - 236, 0 = 2*s + 10. Let b = y - -1383. Is b a composite number?
True
Let a be (0 - -7)*66/(-77). Let f = a + 6. Suppose -i = -f*i - 211. Is i prime?
True
Let v = 208753 - 105110. Is v a composite number?
False
Let m be (-6)/(-4)*300/9. Let a = m + -45. Suppose 6*l = a*l + 2533. Is l composite?
True
Let f(l) = 10391*l**2 - 93*l - 2. Is f(3) a composite number?
True
Let i(d) = -6955*d + 2391. Is i(-5) prime?
False
Let g(w) = -w**2 + 14*w - 50. Let b be g(8). Let z(j) = 3*j + j 